 t + 43 = 3*g, -5*g = -5*t - 35. Let i be (t - 1)/(6/(-3)). Calculate d(i).
6
Let x(n) = -8 - 4 - 13 + 24 - 3*n. Give x(6).
-19
Suppose -3*k - 16 = -4*k. Let a be k/(-56) + 2/7. Let b(h) = 3*h**3 + 2*h**2 - 6. Let g(o) = 4*o**3 + 3*o**2 - 9. Let y(w) = -7*b(w) + 5*g(w). Determine y(a).
-3
Let j = 5 + -10. Let k be -2 + 2 + j*1. Let t(q) = -2*q**2 - q + 11. Let r(c) = -c**2 - c + 5. Let l(s) = 7*r(s) - 3*t(s). Calculate l(k).
-3
Let p(x) = -x**3 + 2*x**2 - 2. Suppose 24 - 39 = -3*k. Suppose k*v - 26 = -11. Determine p(v).
-11
Let n be 1/2 + (-9)/(-6). Let l(j) = 2*j - 1 - j - 4*j + n*j. Give l(-2).
1
Let c(t) = 2*t**2 - 2*t - 2. Suppose -3 - 9 = -3*h, 0 = -3*g - 4*h + 10. Give c(g).
10
Let z(x) = 5*x**3 + 12*x**2 + 6*x + 1. Let s(k) = 4*k**3 + 11*k**2 + 6*k. Let c(o) = -4*s(o) + 3*z(o). What is c(-7)?
-4
Suppose w + 3*z = -1 - 12, -z = 5*w + 23. Let b(h) be the first derivative of -h**4/4 - 4*h**3/3 - h**2/2 + h + 31. Determine b(w).
5
Let k(t) = -2*t - 9. Suppose -32 = 4*d - 0*d + 2*f, 3*d - f + 14 = 0. Give k(d).
3
Suppose 0 = 2*w + 9 + 1. Let a(h) be the first derivative of -h**3/3 - 5*h**2/2 - 2*h + 5. Give a(w).
-2
Let x(h) be the third derivative of h**4/24 + 2*h**3/3 - 6*h**2. Calculate x(-2).
2
Let y(n) be the third derivative of n**6/120 - n**4/8 - n**3/2 - 4*n**2. Suppose -j - 2*h = 0, j + 3*h = -4*j - 7. Give y(j).
-5
Let y(z) be the second derivative of -z**5/20 - 7*z**4/12 - z**3/6 + z**2 + 12*z. Give y(-7).
9
Suppose 0 = r + 3*a - 2, -a = a - 2. Let l(o) be the first derivative of -9*o**2/2 - o + 118. Determine l(r).
8
Suppose -3 = -3*s - 0. Suppose -5*y + 14 = -4*r, 5*r + s = -3*y + y. Let u(g) = -6*g**y + 3*g**2 - 1 + 3*g + 4*g**2 - g. What is u(-2)?
-1
Suppose 3*b - 4*i + 5*i - 7 = 0, 8 = 2*b - i. Suppose -b + 5 = k. Let x(j) = 3*j - 1. Let m be x(k). Let d(h) = h - 1. Give d(m).
4
Let b(a) = -7*a - 1. Let p(k) = -14*k - 2. Let g(f) = -9*b(f) + 4*p(f). What is g(-1)?
-6
Suppose 3*p - 4 = p. Suppose 0 = p*m - 0*m - 4. Let v(x) = 1 + 0*x - 2 - 3*x**2 + 3*x. What is v(m)?
-7
Let w = 1 + -1. Suppose 0 = -3*g + 7 + 29. Suppose 2*a + 2*a - g = w. Let o(i) = i**2 - 4*i + 2. Calculate o(a).
-1
Let a(f) = 12 - 11 + 0*f**2 - f**2 + 6*f. Give a(6).
1
Suppose -c - 13 = 5*w, 0 = 2*c + 2*w - 5*w - 13. Let r = -4 + 7. Let f(h) = -4 - 2*h + 5*h + h - r*h. Give f(c).
-2
Let b(n) be the second derivative of 1/4*n**4 - 1/20*n**5 - 6*n + 0 - 2*n**2 - 1/2*n**3. Determine b(3).
-13
Let k(d) = 12*d - 2. Let q(u) = -13*u + 2. Let r(b) = -3*k(b) - 2*q(b). Determine r(-2).
22
Let g(x) = -7*x + 3*x**2 - 3 + x**3 + 2 - 3 - 2. Let u(r) = -r + 8. Let c be u(12). What is g(c)?
6
Let g = -13 - 23. Let r be (-10)/(-6) - 12/g. Let m(l) be the first derivative of -l**3/3 - l**2 + 3*l + 1. Give m(r).
-5
Suppose 10*n - 9 = 13*n. Let i(c) = c**3 + 4*c**2 - c - 2. What is i(n)?
10
Let c(v) = v - 14. Let f be c(9). Let u(j) = j - 1. Determine u(f).
-6
Suppose 0 = -2*p - 2*l + 7 + 1, -2*l = 0. Let r(i) = -2*i - 6. Let w(s) = 10*s + 24. Let n(u) = 9*r(u) + 2*w(u). Determine n(p).
2
Let p(l) = -l**2 - 3*l + 6. Let c = -108 + 102. Calculate p(c).
-12
Let t(m) be the first derivative of -m**4/4 + m**2/2 + 4*m + 92. Let d be 4/(-2) + 2/1. Calculate t(d).
4
Let k(r) = -2*r**2 - 6 - 4*r**2 + r**3 + r**2. Let l be (-1)/(-2) + (-14)/(-4). Suppose 5*y - 45 = l*z, -3*z - 20 = -4*y + 3*y. What is k(y)?
-6
Let o(r) = 2*r - 1. Let k(z) = -z - 3. Let h be k(6). Let l = -6 - h. What is o(l)?
5
Let i(f) = 17 + 11*f**2 + 12*f + 5*f**3 + f + 3*f**3 + f. Let c(q) = -3*q**3 - 4*q**2 - 5*q - 6. Let l(k) = 17*c(k) + 6*i(k). What is l(-1)?
2
Let b(q) = -22*q - 2*q**2 + q**3 + 1 + 22*q. Give b(2).
1
Let w(h) = -h**3 + 2*h**2 + 2*h + 2. Let l be w(0). Let b(f) be the first derivative of 1/4*f**4 - 1/2*f**l - 4*f + 0*f**3 - 2. Determine b(0).
-4
Let p(s) = -31*s**2 + 31*s**2 + s - 2*s**3. What is p(-2)?
14
Let j(s) = -s + 11. Let q be j(9). Suppose 0*x = -x - q. Let t(o) = o**3 + 2*o**2 + 1. Calculate t(x).
1
Let c be (-4)/(-18) - (-128)/72. Suppose -c*b - 2 = 4. Let r(n) = -2*n + 1. What is r(b)?
7
Let m = 6 - 3. Let w(h) be the first derivative of h**5/40 - h**4/8 + h**3 - 4. Let c(p) be the third derivative of w(p). What is c(m)?
6
Let k(y) be the second derivative of y**5/10 - y**4/6 + y**3/6 - 10*y. Give k(1).
1
Let a(m) = 9*m**2 - 2*m + 1. Let f be 3 + -4 - (-1 - -2). Let c be (3 - (-5)/f)*2. What is a(c)?
8
Let o(x) = -19*x + 8 + 6*x + 5*x + 6*x. Give o(9).
-10
Let n = -17 + 26. Let w = n - 2. Let u(r) = r**2 - 5*r - 7. What is u(w)?
7
Let a(m) be the third derivative of 1/10*m**5 + 5/6*m**3 + 0*m - 1/6*m**4 + 0 + 2*m**2 - 1/120*m**6. Suppose 4*k + 27 = v + 6, -k + 16 = 4*v. Determine a(v).
10
Let n(x) = -x**3 - 2*x**2 - 1. Let w(s) = s**2 - 3*s + 4. Let z be w(5). Suppose 3*u - z = m, 5*m + 24 = m + 4*u. Give n(m).
-1
Let p(f) = 8*f + 1. Let g(z) = z + 1. Let j(k) = -5*k**3 + 2*k**2 - 7*k - 6. Let d(a) = -6*g(a) - j(a). Let s be d(1). Let h = s - 5. What is p(h)?
-7
Suppose -21 = 3*k - 0. Let j(o) = o**2 + 5*o - 10. What is j(k)?
4
Let x(h) = 5 - 3 + h + 0*h**2 - 5 - 6*h**2 + 5*h**2. Suppose c - 5*b = -25, 0 = 3*c - 4*b + 2*b + 10. Calculate x(c).
-3
Let l(a) be the third derivative of -a**5/60 + 5*a**4/24 - a**3/3 - 10*a**2. What is l(3)?
4
Let n(h) = h**2 - 5*h + 3. Let b = 55 - 50. Give n(b).
3
Let k = 18 - 14. Let c(a) = a - 4*a**2 + 3*a**2 + a**2 - a**2 + 5. Calculate c(k).
-7
Let u be (-58)/(-18) - (-16)/(-72). Suppose u*j = 2*j + 4. Let q be 1*j/(-1 + -1). Let f(b) = b**3 + 3*b**2 - 1. Determine f(q).
3
Let k(p) = 3*p + 27. Let x be k(-9). Let f(j) = -j + 2. Give f(x).
2
Let q(u) be the first derivative of 5 - u**3 - 3*u + 1/2*u**2 + 1/4*u**4. Give q(3).
0
Let r(y) = 7*y**2 + y - 1. Let t be r(1). Let p = t - 4. Let l(g) = -2*g + 7*g - 3 - 3*g - p*g. What is l(-5)?
2
Let k(w) = w**2 - w - 9. Let m(b) be the first derivative of -b**4/4 - b + 2. Let r be m(0). Let z be 0*r*3/6. Calculate k(z).
-9
Let v(b) be the first derivative of b**4/4 + 4*b**3/3 - 2*b + 43. Calculate v(-3).
7
Let n(x) = x**2 - x. Let t(i) = -i**2 + 8*i - 4. Let w be t(8). Let f(r) = r + 5. Let l be f(w). Calculate n(l).
0
Let q(o) = -5*o + 1. Suppose -3 = -2*t - t. Give q(t).
-4
Let w(j) = 5*j**2 + 8*j + 1. Let r(n) = -5*n + 0 - 1 + 20*n + 9*n**2 + 3. Let q be (6/9)/((-4)/66). Let o(p) = q*w(p) + 6*r(p). Determine o(3).
-2
Let m(u) = 2*u**2 + 2*u**2 - 4*u - u**3 + 3 + u**2 - 2*u**2. Calculate m(2).
-1
Suppose 3*o + 5*p = 50, 8 = 2*o - p - 2*p. Suppose -5*i + 0*i - o = 0. Let x(d) = -5*d + 1. Determine x(i).
11
Let l = -1 + 5. Let z(m) = -2*m + 0 + 2 - 1. Calculate z(l).
-7
Let p(j) = -j**3 - 5*j**2 - 2*j. Let y(a) = a**3 + 2*a**2 + 2. Let f be y(-3). Let m = f - -11. Suppose -3*r - 9 = 3*o, -2 - 6 = -m*o. Determine p(r).
10
Let g = -413 + 415. Let a(w) = -2*w**2 + 1 + 2*w - 2*w**2 - 2*w**3 + 3*w**2. Calculate a(g).
-15
Let y(z) be the first derivative of z**5/30 - z**4/6 + z**3/3 + 2*z**2 - 3. Let h(a) be the second derivative of y(a). Let r be 3/(-2)*8/(-6). Determine h(r).
2
Let t(j) = -14*j - 1 + 0 + 15*j + 3*j**2. Let k(l) = -l**2 - 4*l + 3. Let z be k(-5). Determine t(z).
9
Let i(y) = y**2 + 8*y + 3. Let a(w) = w**2 - 6*w - 21. Let g be a(8). Calculate i(g).
-12
Let s be 44/10 + 4/(-10). Let q(n) = -3*n**3 - 3*n**2 + 8*n**2 + 6*n**3 - 4*n**3 - 5*n + 2. Determine q(s).
-2
Let h = 2 + -4. Let t(a) be the first derivative of -2*a**3/3 - a**2 + a + 3. Give t(h).
-3
Let b(n) = 6*n**2 - 24*n - 30. Let y be 2 - 4 - (0 - 6). Suppose 0 = y*d - 29 + 73. Let o(p) = -p**2 + 5*p + 6. Let x(k) = d*o(k) - 2*b(k). Calculate x(-4).
6
Let l(j) = -4*j + 2. Let p(y) = 11*y - 6. Let b(d) = -8*l(d) - 3*p(d). Calculate b(-4).
6
Let q(i) be the second derivative of 1/6*i**3 + 0 + 3*i**2 - 3*i. Let a be q(-6). Let o(y) = -y**2 - y + 4. Calculate o(a).
4
Let j(u) = u**3 - 4*u**2 - 3*u - 2. Let t be (-2)/(-12)*-2*(6 + -21). Determine j(t).
8
Suppose 2*b = -2*l - 2*l - 28, 2*b - 3*l = 0. Let k(q) = 2*q + 6. Give k(b).
-6
Let l = 261 - 263. Let t(q) = -2*q - 5. Let k(g) = -1. Let m(f) = -10*k(f) + 2*t(f). Calculate m(l).
8
Let y(g) = 4*g - 4*g - 7 + 2*g. Suppose 5*a + 60 = 4*p, 2*p - 75 = -3*p + 2*a. Let h = p - 10. Give y(h).
3
Let w(t) = -t**2 + t + 3. Let r(m) = -6*m**2 + 5*m + 15. Let a(s) = 2*r(s) - 11*w(s). Determine a(-4).